Suppose -3153 = -7*c - 381. Let z = c - 274. List the prime factors of z.
2, 61
What are the prime factors of (-444)/(-14) - (8 + (-580)/70)?
2
Let f(m) = 176*m**2 - 23*m - 114. What are the prime factors of f(-5)?
3, 163
Suppose -4*t = 5*n - 21002, -4*n + 0*t - 3*t = -16802. List the prime factors of n.
2, 11, 191
What are the prime factors of -2*(-2919)/14 + 2 - -1?
2, 3, 5, 7
Let x be (2/(-4))/(2/(-8)). Suppose -4*o - o + 186 = -2*w, x*o + 5*w = 57. What are the prime factors of o?
2, 3
Let d(v) = 3*v - 11. Let b(h) = 10*h**2 + 1. Let g be b(1). What are the prime factors of d(g)?
2, 11
Let s(n) = -2*n**2 + n. Let f be s(2). Let u = 11 + -5. List the prime factors of (u/(-5))/(f/140).
2, 7
Let g(x) = -x**2 + 8*x - 9. Let q be g(6). Suppose 0 = -q*v - 0*v + 12. Suppose 0 = 2*y - 4*y + v. List the prime factors of y.
2
Suppose 27117 = 8*n + 1341. List the prime factors of n.
2, 3, 179
Let j(x) = 15*x + 39. Let k(u) = 30*u + 77. Let s(g) = -13*j(g) + 6*k(g). What are the prime factors of s(-12)?
3, 5
Suppose 437*s - 432*s = 2955. List the prime factors of s.
3, 197
Suppose 7*s = 3*s + 488. Let q = -209 + s. Let k = 133 + q. What are the prime factors of k?
2, 23
Let b(a) = a**3 + 9*a**2 + 11*a - 7. Let n be b(-6). Suppose -3*r = -2*r - 14. List the prime factors of 930/n + 6/r.
3
Let j = -130 + 184. Suppose -2*h + 4*l + 26 = 0, 3*h - 4*l = 32 - 3. Suppose h*f - j = -9. List the prime factors of f.
3, 5
Let z = -9 + 5. Let q be (-2 + 5 + z)*-3. Let l = q + 25. What are the prime factors of l?
2, 7
Suppose 5*o + 4*o = 333. Let a = 73 - o. What are the prime factors of a?
2, 3
Let i(j) = j**2 + 6*j - 1. Let s be i(-6). What are the prime factors of 127 - (s/(-4) + (-3)/12)?
127
Suppose x + 23 = -3*h + 77, 3*x - 3*h = 186. Suppose -5*k - 3*o = -560, 283 = 2*k + o + x. What are the prime factors of k?
109
Let l = 21 + 79. Let i = 54 + l. What are the prime factors of i?
2, 7, 11
Let f = 63 + -62. What are the prime factors of (-7)/(-21)*(54/2)/f?
3
Suppose 3*j - 5*b = -2*j + 20, -4*b = 2*j + 4. Suppose 2*i - 2*v = -2*i - 74, j*i = 4*v - 22. Let x = i + 35. What are the prime factors of x?
2, 7
Let r(p) = 424*p - 4. List the prime factors of r(2).
2, 211
Let f(g) = 508*g - 24 + 6 - 498*g. What are the prime factors of f(8)?
2, 31
Let z = -15 + 28. Suppose 11 = 5*v + x, -3*v = 3*x - z + 4. Suppose v*o - 3*w = 24, -4*o - 2*w + 0*w = -16. List the prime factors of o.
2, 3
Suppose -5*n - 9 + 44 = 0. Let x = -9 + n. List the prime factors of 150/18 - x/3.
3
Suppose 2159 = 5*f + 769. List the prime factors of f.
2, 139
Suppose 3*h + 2*v + 4 = 0, 0*h = -h - 2*v - 4. Suppose h = j + j - 36. List the prime factors of j.
2, 3
Suppose -6 = 5*r - 26. Suppose 0 = -r*j + 4*g + 59 + 5, 0 = -2*j + 4*g + 40. Let y = j + 25. List the prime factors of y.
37
Let k = 838 - 313. Suppose -3*i + k = -99. List the prime factors of i.
2, 13
Suppose 60396 = 53*x - 11*x. What are the prime factors of x?
2, 719
Let y(d) be the third derivative of 3*d**5/10 + d**4/6 + d**3/3 - 4*d**2. What are the prime factors of y(-2)?
2, 3, 11
Let w(j) = j**2 - 4*j - 5. Let v be (-1 - 2)*1 - -2. Let k be (1 - 6)/(v + 2). List the prime factors of w(k).
2, 5
What are the prime factors of -64*(-6)/((-48)/(-100))?
2, 5
Let r be 210*(-4)/30*-3. Suppose -2*q = -r - 60. Suppose c - 2*l - 16 + 0 = 0, -2*l - q = -5*c. What are the prime factors of c?
2, 7
Let c(u) = 61*u**2 + 18*u - 50. What are the prime factors of c(3)?
7, 79
What are the prime factors of 11 + -5 - 6 - 1*-83?
83
Let k be (-58)/(-15) - 10/(-75). Suppose k*d + 4 = 120. List the prime factors of d.
29
Let w(g) = g**3 - 5*g**2 + 6*g - 5. Let o be w(4). Suppose 0 = 3*a - 3*t - t - o, 2*a + 4*t - 22 = 0. Suppose 50 + 70 = a*f. What are the prime factors of f?
2, 3
List the prime factors of ((4 + -21)*1)/((-5)/305).
17, 61
Let u = 73 - 32. Let p = u + 84. What are the prime factors of p?
5
Suppose p = 5*u + 897, 1214 = p + 4*u + 353. List the prime factors of p.
877
Suppose 3*v = 4*v. Suppose -6 = -2*p + 2*w - 0, -4*w = 3*p - 9. Suppose 4*j - p*x - 94 = v, -3*j - x = -0*x - 64. What are the prime factors of j?
2, 11
Let n = -707 - -1151. Suppose 4*l = 2*j + 2*j + 600, -j - n = -3*l. What are the prime factors of l?
3, 7
Suppose 0*j = 3*j - 291. Suppose 35 = 6*x - j. Suppose -5*h - 2*d + 98 - x = 0, 8 = -4*d. List the prime factors of h.
2
Suppose 2*b - 14 = -5*s + 12, 2*b - 2 = s. Suppose -s*w = -5*t - 36, -3*w = -5*t - 45 + 13. Suppose 3*i + 5 = w*i. List the prime factors of i.
5
Let n = 83 - 80. Suppose -n*s - 549 = -3*k, -2*k + 3*k - 4*s - 168 = 0. List the prime factors of k.
2, 47
Suppose 0 = -7*g + 362 + 261. List the prime factors of g.
89
Suppose -129 = 2*f - 5*f. Let r = f + 44. List the prime factors of r.
3, 29
Suppose 0 = 5*r - 10*r + 6195. What are the prime factors of r?
3, 7, 59
Let x = -176 + 50. Let o = x - -234. What are the prime factors of o?
2, 3
Let f(o) = 60*o**3 - 4*o**2 - 2*o + 8. List the prime factors of f(2).
2, 3, 13
Let u = 58 - -6. Let v = 147 + -50. Let z = v - u. List the prime factors of z.
3, 11
Let q = 3796 + -1567. List the prime factors of q.
3, 743
Suppose -10*j + 2 = -9*j. Suppose 22 = 3*s + 4*b, -4 + 17 = j*s + 3*b. What are the prime factors of s?
2, 7
Suppose -2*s + 916 - 219 = i, 0 = i + 5*s - 685. List the prime factors of i.
3, 5, 47
Suppose 5*x = t + 47, -21 = -3*x + 2*t - 5*t. What are the prime factors of ((-564)/(-16))/(x/24)?
2, 47
Let c(k) = -3221*k - 63. List the prime factors of c(-1).
2, 1579
Let k(g) = 3*g**2 - 3*g - 5. Let r be k(-3). Let s = -4 + r. What are the prime factors of s?
3
Let i be (-2 + 8/3)*15/5. List the prime factors of 210 - (2/i + (-36)/(-12)).
2, 103
Let w(p) = 6*p + 0 + 1 - 9 - 5*p. Let a be w(-6). Let v = a - -59. What are the prime factors of v?
3, 5
Suppose 10*c - 6*c = -3*y + 62, -y - 5*c = -39. What are the prime factors of y?
2, 7
Let q = 569 - 261. List the prime factors of q.
2, 7, 11
Let t = 2485 - 1728. What are the prime factors of t?
757
Suppose 103 = -5*d - 0*d - i, 0 = -4*d - 3*i - 89. What are the prime factors of (d/6)/(6/(-270))?
2, 3, 5
Let b be 96/72*6/4. List the prime factors of -1*b*296/(-2).
2, 37
Let t = 0 - -4. Suppose -t*r = -5*a - 680, -4*a + 816 = 4*r + 136. What are the prime factors of r?
2, 5, 17
Suppose -20 = -21*p + 16*p. Suppose 5*z = -3*f + 487 - 62, -2*z = -p*f + 532. List the prime factors of f.
3, 5
Suppose 5*x + 5*j - 2810 = 0, 5*x = -2*j + 6*j + 2783. What are the prime factors of x?
13, 43
Let n = 416 - -340. List the prime factors of n.
2, 3, 7
Suppose -19*f + 9*f + 1930 = 0. List the prime factors of f.
193
Let j(f) = -f - 4. Let l be j(-2). What are the prime factors of (l - 6)*(-3 + 1 - 0)?
2
What are the prime factors of 6*1099/3 - -2?
2, 5, 11
Suppose -6 + 0 = -3*p. Let s be -3 + (-16)/p*4. List the prime factors of (2 - 1)*(7 - s).
2, 3, 7
Suppose 4*n + 4 - 324 = 0. Suppose 2*r - n = 7*r. List the prime factors of (-24)/7*168/r.
2, 3
Suppose -9*s - 1266 = -5874. List the prime factors of s.
2
Let d be 16/(-14)*21/(-6). Suppose y - 95 = -d*y. Let l = y + -12. List the prime factors of l.
7
Let v(o) = o + 10. Let y(r) = -r**2 + r + 6. Let s(p) = -1. Let t(j) = -2*s(j) - y(j). Let c be t(4). List the prime factors of v(c).
2, 3
Suppose 2*r - 183 = -3*l, -l = 4*r + 2*l - 375. Let u = r - -96. What are the prime factors of u?
2, 3
Let w be (-9)/18*(-6 + 0). Suppose -2*t = 4*h - 188, -w*t = h - 6*t - 54. What are the prime factors of h?
2, 3
Suppose 0 = 5*h + 4*o + 18 + 48, 0 = 3*h - 3*o + 45. Let q = h - -11. List the prime factors of (-1)/(-1)*q - -19.
2
Let d = 8256 + -2773. List the prime factors of d.
5483
Suppose 0 = 3*c - 5*x - 10028, 7*c = 3*c - x + 13340. List the prime factors of c.
2, 3, 139
Suppose 0 = -3*o - 126 + 858. Suppose 7*d = 11*d - o. List the prime factors of d.
61
Let b(l) = -17*l + 4. Let o be b(-3). Suppose o = u - 0*u + 2*g, -3*u = 5*g - 160. What are the prime factors of u?
3, 5
Let n(u) = 36*u - 27. List the prime factors of n(15).
3, 19
Let u be (12 + -9)/((-3)/(-4)). Suppose 0 = -5*i - 2*z + 198, u*i - 4*z = -0*z + 136. List the prime factors of i.
2, 19
Let n = -554 - -1613. What are the prime factors of n?
3, 353
Let p = 617 - 313. List the prime factors of p.
2, 19
Let b(u) = u**3 - 